{"id":2,"date":"2016-05-10T03:48:21","date_gmt":"2016-05-10T01:48:21","guid":{"rendered":"https:\/\/buerofuersozialearbeit.ch\/?page_id=2"},"modified":"2023-03-31T13:57:55","modified_gmt":"2023-03-31T11:57:55","slug":"sample-page","status":"publish","type":"page","link":"https:\/\/buerofuersozialearbeit.ch\/","title":{"rendered":"B\u00fcro f\u00fcr soziale Arbeit"},"content":{"rendered":"<div class=\"wp-block-image\">\n<figure class=\"aligncenter is-resized\"><img fetchpriority=\"high\" decoding=\"async\" src=\"https:\/\/buerofuersozialearbeit.ch\/wp-content\/uploads\/2022\/02\/logo_bfsa-1024x724.png\" alt=\"\" class=\"wp-image-12\" width=\"610\" height=\"431\" srcset=\"https:\/\/buerofuersozialearbeit.ch\/wp-content\/uploads\/2022\/02\/logo_bfsa-1024x724.png 1024w, https:\/\/buerofuersozialearbeit.ch\/wp-content\/uploads\/2022\/02\/logo_bfsa-300x212.png 300w, https:\/\/buerofuersozialearbeit.ch\/wp-content\/uploads\/2022\/02\/logo_bfsa-768x543.png 768w, https:\/\/buerofuersozialearbeit.ch\/wp-content\/uploads\/2022\/02\/logo_bfsa.png 1109w\" sizes=\"(max-width: 610px) 100vw, 610px\" \/><\/figure><\/div>\n\n\n<p class=\"has-text-align-center\"><\/p>\n\n\n\n<p class=\"has-text-align-center\"><strong>Beratung, Begleitung, Unterst\u00fctzung und Betreuung<\/strong> <strong>f\u00fcr Menschen in ihrem sozialen Genesungsprozess<\/strong><\/p>\n\n\n\n<hr class=\"wp-block-separator has-css-opacity\"\/>\n\n\n\n<p class=\"has-text-align-center\"><strong>Kontakt<\/strong><\/p>\n\n\n\n<p class=\"has-text-align-center\">Fredy Meier-Kallas<br>Sonnmattstrasse 16<br>4142 M\u00fcnchenstein BL<br>&#8211;<br>Tel: 075 414 00 58<br>Mail: <a href=\"mailto:fredy.meier@bfsa.ch\">fredy.meier@bfsa.ch<\/a><\/p>\n\n\n\n<hr class=\"wp-block-separator has-css-opacity\"\/>\n\n\n\n<p class=\"has-text-align-center\"><strong>Arbeitsschwerpunkte<\/strong><\/p>\n\n\n\n<ul>\n<li>In der Vielf\u00e4ltigkeit und Komplexit\u00e4t des Sozialwesens kann ich Ihnen meine Dienstleistungen in sozialen und sozialpsychiatrischen Problemstellungen anbieten und auch angepasste Hilfestellungen einleiten.<\/li>\n\n\n\n<li>Im Auftragsverh\u00e4ltnis mit Beh\u00f6rden, Institutionen und Privatpersonen k\u00f6nnen Abkl\u00e4rungen, Begleitungen, Betreuungen und Mandatsf\u00fchrungen angeboten werden.<\/li>\n\n\n\n<li><u>Klienten<\/u>: Jugendliche, Erwachsene, Eltern und Familien<\/li>\n<\/ul>\n\n\n\n<hr class=\"wp-block-separator has-css-opacity\"\/>\n\n\n\n<p class=\"has-text-align-center\"><strong>Arbeitsweise&nbsp;<\/strong><\/p>\n\n\n\n<ul>\n<li>Arbeitsb\u00fcndnis besprechen und festlegen<\/li>\n\n\n\n<li>Erkennen, F\u00f6rderung und Einsetzen der eigenen Ressourcen<\/li>\n\n\n\n<li>Hilfestellungen und Verbesserung der Lebenssituation<\/li>\n\n\n\n<li>Administrative Unterst\u00fctzung, Antr\u00e4ge, Briefe, Dokumente, Finanzen<\/li>\n\n\n\n<li>Pr\u00e4senz, Beratung und Begleitung bei beh\u00f6rdlichen und institutionellen Problemstellungen<\/li>\n\n\n\n<li>Mediationen<\/li>\n\n\n\n<li>Netzwerke einbeziehen<\/li>\n\n\n\n<li>Regelm\u00e4ssige eigene Weiterbildungen und Supervisionen<\/li>\n<\/ul>\n\n\n\n<hr class=\"wp-block-separator has-css-opacity\"\/>\n\n\n\n<p class=\"has-text-align-center\"><strong>Achtsamkeit, Verst\u00e4ndnis, Geduld, Empathie, Zuverl\u00e4ssigkeit und Erfahrung pr\u00e4gen meinen Arbeitshintergrund&nbsp;<\/strong><\/p>\n\n\n\n<hr class=\"wp-block-separator has-css-opacity\"\/>\n\n\n\n<figure class=\"wp-block-image\"><img decoding=\"async\" width=\"575\" height=\"459\" src=\"https:\/\/buerofuersozialearbeit.ch\/wp-content\/uploads\/2022\/02\/fredy.png\" alt=\"\" class=\"wp-image-14\" srcset=\"https:\/\/buerofuersozialearbeit.ch\/wp-content\/uploads\/2022\/02\/fredy.png 575w, https:\/\/buerofuersozialearbeit.ch\/wp-content\/uploads\/2022\/02\/fredy-300x239.png 300w\" sizes=\"(max-width: 575px) 100vw, 575px\" \/><\/figure>\n\n\n\n<p class=\"has-text-align-center\"><strong>Fredy Meier-Kallas<\/strong><br>Jahrgang 1960, verheiratet, zwei erwachsene T\u00f6chter, zwei Grosskinder<br>Sozialarbeiter FH und dipl. Psychiatriepfleger SRK<br>Mediator CAS<br>Berufsbildner CAS<\/p>\n\n\n\n<hr class=\"wp-block-separator has-css-opacity\"\/>\n\n\n\n<p class=\"has-text-align-center\"><strong><u>Berufserfahrungen<\/u><\/strong><\/p>\n\n\n\n<p>Ausbildungen und T\u00e4tigkeiten in verschiedenen sozialen Bereichen (Fachpflege Psychiatrie mit Leitung einer Akut-Abteilung und Sozialarbeit in Psychiatrischer Klinik UPK, Gemeindesozialdienst, Lungenliga, KESB, Sozialdienst Polizei), Abkl\u00e4rungen und Mandatsf\u00fchrungen als Berufsbeistand bei KESB BL, freiwillige und gesetzliche Sozialarbeit, Beratungen bei Kindern \/ Jugendlichen \/ Erwachsenen und Familien, Familienbegleitungen, Betreuungen und Begleitungen bei psychisch und kognitiv beeintr\u00e4chtigten Menschen und Berufsbildner FHNW Soziale Arbeit.<\/p>\n\n\n\n<hr class=\"wp-block-separator has-css-opacity\"\/>\n\n\n\n<p class=\"has-text-align-center\"><strong>Gerne f\u00fchre ich mit Ihnen ein unverbindliches Erstgespr\u00e4ch<\/strong><\/p>\n\n\n\n<p class=\"has-text-align-center\"><strong>(Beratungstarif \/ Ansatz bei CHF 95.00 \/ Std.)<\/strong><\/p>\n\n\n\n<p class=\"has-text-align-center\"><strong>Link: <a rel=\"noreferrer noopener\" href=\"https:\/\/www.contatto.ch\" target=\"_blank\">https:\/\/www.contatto.ch<\/a><\/strong><\/p>\n\n\n\n<p><\/p>\n","protected":false},"excerpt":{"rendered":"<p>Beratung, Begleitung, Unterst\u00fctzung und Betreuung f\u00fcr Menschen in ihrem sozialen Genesungsprozess Kontakt Fredy Meier-KallasSonnmattstrasse 164142 M\u00fcnchenstein BL&#8211;Tel: 075 414 00 58Mail: fredy.meier@bfsa.ch Arbeitsschwerpunkte Arbeitsweise&nbsp; Achtsamkeit, Verst\u00e4ndnis, Geduld, Empathie, Zuverl\u00e4ssigkeit und Erfahrung pr\u00e4gen meinen Arbeitshintergrund&nbsp; Fredy Meier-KallasJahrgang 1960, verheiratet, zwei erwachsene T\u00f6chter, zwei GrosskinderSozialarbeiter FH und dipl. Psychiatriepfleger SRKMediator CASBerufsbildner CAS Berufserfahrungen Ausbildungen und T\u00e4tigkeiten in&hellip; <a class=\"more-link\" href=\"https:\/\/buerofuersozialearbeit.ch\/\"><span class=\"screen-reader-text\">B\u00fcro f\u00fcr soziale Arbeit<\/span> weiterlesen<\/a><\/p>\n","protected":false},"author":1,"featured_media":0,"parent":0,"menu_order":0,"comment_status":"closed","ping_status":"closed","template":"","meta":{"_uag_custom_page_level_css":"","footnotes":""},"uagb_featured_image_src":{"full":false,"thumbnail":false,"medium":false,"medium_large":false,"large":false,"1536x1536":false,"2048x2048":false,"post-thumbnail":false},"uagb_author_info":{"display_name":"josecambre_upnh9xll","author_link":"https:\/\/buerofuersozialearbeit.ch\/?author=1"},"uagb_comment_info":0,"uagb_excerpt":"Beratung, Begleitung, Unterst\u00fctzung und Betreuung f\u00fcr Menschen in ihrem sozialen Genesungsprozess Kontakt Fredy Meier-KallasSonnmattstrasse 164142 M\u00fcnchenstein BL&#8211;Tel: 075 414 00 58Mail: fredy.meier@bfsa.ch Arbeitsschwerpunkte Arbeitsweise&nbsp; Achtsamkeit, Verst\u00e4ndnis, Geduld, Empathie, Zuverl\u00e4ssigkeit und Erfahrung pr\u00e4gen meinen Arbeitshintergrund&nbsp; Fredy Meier-KallasJahrgang 1960, verheiratet, zwei erwachsene T\u00f6chter, zwei GrosskinderSozialarbeiter FH und dipl. Psychiatriepfleger SRKMediator CASBerufsbildner CAS Berufserfahrungen Ausbildungen und T\u00e4tigkeiten in&hellip;&hellip;","_links":{"self":[{"href":"https:\/\/buerofuersozialearbeit.ch\/index.php?rest_route=\/wp\/v2\/pages\/2"}],"collection":[{"href":"https:\/\/buerofuersozialearbeit.ch\/index.php?rest_route=\/wp\/v2\/pages"}],"about":[{"href":"https:\/\/buerofuersozialearbeit.ch\/index.php?rest_route=\/wp\/v2\/types\/page"}],"author":[{"embeddable":true,"href":"https:\/\/buerofuersozialearbeit.ch\/index.php?rest_route=\/wp\/v2\/users\/1"}],"replies":[{"embeddable":true,"href":"https:\/\/buerofuersozialearbeit.ch\/index.php?rest_route=%2Fwp%2Fv2%2Fcomments&post=2"}],"version-history":[{"count":14,"href":"https:\/\/buerofuersozialearbeit.ch\/index.php?rest_route=\/wp\/v2\/pages\/2\/revisions"}],"predecessor-version":[{"id":561,"href":"https:\/\/buerofuersozialearbeit.ch\/index.php?rest_route=\/wp\/v2\/pages\/2\/revisions\/561"}],"wp:attachment":[{"href":"https:\/\/buerofuersozialearbeit.ch\/index.php?rest_route=%2Fwp%2Fv2%2Fmedia&parent=2"}],"curies":[{"name":"wp","href":"https:\/\/api.w.org\/{rel}","templated":true}]}}

Büro für soziale Arbeit

<div class="wp-block-image">
<figure class="aligncenter is-resized"><img fetchpriority="high" decoding="async" src="https://buerofuersozialearbeit.ch/wp-content/uploads/2022/02/logo_bfsa-1024x724.png" alt="" class="wp-image-12" width="610" height="431" srcset="https://buerofuersozialearbeit.ch/wp-content/uploads/2022/02/logo_bfsa-1024x724.png 1024w, https://buerofuersozialearbeit.ch/wp-content/uploads/2022/02/logo_bfsa-300x212.png 300w, https://buerofuersozialearbeit.ch/wp-content/uploads/2022/02/logo_bfsa-768x543.png 768w, https://buerofuersozialearbeit.ch/wp-content/uploads/2022/02/logo_bfsa.png 1109w" sizes="(max-width: 610px) 100vw, 610px" /></figure></div>


<p class="has-text-align-center"></p>



<p class="has-text-align-center"><strong>Beratung, Begleitung, Unterstützung und Betreuung</strong> <strong>für Menschen in ihrem sozialen Genesungsprozess</strong></p>



<hr class="wp-block-separator has-css-opacity"/>



<p class="has-text-align-center"><strong>Kontakt</strong></p>



<p class="has-text-align-center">Fredy Meier-Kallas<br>Sonnmattstrasse 16<br>4142 Münchenstein BL<br>&#8211;<br>Tel: 075 414 00 58<br>Mail: <a href="mailto:fredy.meier@bfsa.ch">fredy.meier@bfsa.ch</a></p>



<hr class="wp-block-separator has-css-opacity"/>



<p class="has-text-align-center"><strong>Arbeitsschwerpunkte</strong></p>



<ul>
<li>In der Vielfältigkeit und Komplexität des Sozialwesens kann ich Ihnen meine Dienstleistungen in sozialen und sozialpsychiatrischen Problemstellungen anbieten und auch angepasste Hilfestellungen einleiten.</li>



<li>Im Auftragsverhältnis mit Behörden, Institutionen und Privatpersonen können Abklärungen, Begleitungen, Betreuungen und Mandatsführungen angeboten werden.</li>



<li><u>Klienten</u>: Jugendliche, Erwachsene, Eltern und Familien</li>
</ul>



<hr class="wp-block-separator has-css-opacity"/>



<p class="has-text-align-center"><strong>Arbeitsweise&nbsp;</strong></p>



<ul>
<li>Arbeitsbündnis besprechen und festlegen</li>



<li>Erkennen, Förderung und Einsetzen der eigenen Ressourcen</li>



<li>Hilfestellungen und Verbesserung der Lebenssituation</li>



<li>Administrative Unterstützung, Anträge, Briefe, Dokumente, Finanzen</li>



<li>Präsenz, Beratung und Begleitung bei behördlichen und institutionellen Problemstellungen</li>



<li>Mediationen</li>



<li>Netzwerke einbeziehen</li>



<li>Regelmässige eigene Weiterbildungen und Supervisionen</li>
</ul>



<hr class="wp-block-separator has-css-opacity"/>



<p class="has-text-align-center"><strong>Achtsamkeit, Verständnis, Geduld, Empathie, Zuverlässigkeit und Erfahrung prägen meinen Arbeitshintergrund&nbsp;</strong></p>



<hr class="wp-block-separator has-css-opacity"/>



<figure class="wp-block-image"><img decoding="async" width="575" height="459" src="https://buerofuersozialearbeit.ch/wp-content/uploads/2022/02/fredy.png" alt="" class="wp-image-14" srcset="https://buerofuersozialearbeit.ch/wp-content/uploads/2022/02/fredy.png 575w, https://buerofuersozialearbeit.ch/wp-content/uploads/2022/02/fredy-300x239.png 300w" sizes="(max-width: 575px) 100vw, 575px" /></figure>



<p class="has-text-align-center"><strong>Fredy Meier-Kallas</strong><br>Jahrgang 1960, verheiratet, zwei erwachsene Töchter, zwei Grosskinder<br>Sozialarbeiter FH und dipl. Psychiatriepfleger SRK<br>Mediator CAS<br>Berufsbildner CAS</p>



<hr class="wp-block-separator has-css-opacity"/>



<p class="has-text-align-center"><strong><u>Berufserfahrungen</u></strong></p>



<p>Ausbildungen und Tätigkeiten in verschiedenen sozialen Bereichen (Fachpflege Psychiatrie mit Leitung einer Akut-Abteilung und Sozialarbeit in Psychiatrischer Klinik UPK, Gemeindesozialdienst, Lungenliga, KESB, Sozialdienst Polizei), Abklärungen und Mandatsführungen als Berufsbeistand bei KESB BL, freiwillige und gesetzliche Sozialarbeit, Beratungen bei Kindern / Jugendlichen / Erwachsenen und Familien, Familienbegleitungen, Betreuungen und Begleitungen bei psychisch und kognitiv beeinträchtigten Menschen und Berufsbildner FHNW Soziale Arbeit.</p>



<hr class="wp-block-separator has-css-opacity"/>



<p class="has-text-align-center"><strong>Gerne führe ich mit Ihnen ein unverbindliches Erstgespräch</strong></p>



<p class="has-text-align-center"><strong>(Beratungstarif / Ansatz bei CHF 95.00 / Std.)</strong></p>



<p class="has-text-align-center"><strong>Link: <a rel="noreferrer noopener" href="https://www.contatto.ch" target="_blank">https://www.contatto.ch</a></strong></p>



<p></p>

<p>Beratung, Begleitung, Unterstützung und Betreuung für Menschen in ihrem sozialen Genesungsprozess Kontakt Fredy Meier-KallasSonnmattstrasse 164142 Münchenstein BL&#8211;Tel: 075 414 00 58Mail: fredy.meier@bfsa.ch Arbeitsschwerpunkte Arbeitsweise&nbsp; Achtsamkeit, Verständnis, Geduld, Empathie, Zuverlässigkeit und Erfahrung prägen meinen Arbeitshintergrund&nbsp; Fredy Meier-KallasJahrgang 1960, verheiratet, zwei erwachsene Töchter, zwei GrosskinderSozialarbeiter FH und dipl. Psychiatriepfleger SRKMediator CASBerufsbildner CAS Berufserfahrungen Ausbildungen und Tätigkeiten in&hellip; <a class="more-link" href="https://buerofuersozialearbeit.ch/"><span class="screen-reader-text">Büro für soziale Arbeit</span> weiterlesen</a></p>

Beratung, Begleitung, Unterstützung und Betreuung für Menschen in ihrem sozialen Genesungsprozess Kontakt Fredy Meier-KallasSonnmattstrasse 164142 Münchenstein BL&#8211;Tel: 075 414 00 58Mail: fredy.meier@bfsa.ch Arbeitsschwerpunkte Arbeitsweise&nbsp; Achtsamkeit, Verständnis, Geduld, Empathie, Zuverlässigkeit und Erfahrung prägen meinen Arbeitshintergrund&nbsp; Fredy Meier-KallasJahrgang 1960, verheiratet, zwei erwachsene Töchter, zwei GrosskinderSozialarbeiter FH und dipl. Psychiatriepfleger SRKMediator CASBerufsbildner CAS Berufserfahrungen Ausbildungen und Tätigkeiten in&hellip;&hellip;
